85835 a composite number?
True
Is 90065 a prime number?
False
Is 458151 composite?
True
Is 64589 a prime number?
False
Is 14479 a composite number?
False
Is 29851 a prime number?
True
Is 19373 composite?
False
Is 187847 a prime number?
False
Is 315499 composite?
True
Is 1068319 prime?
False
Is 462719 prime?
True
Is 16319 a composite number?
False
Is 972169 prime?
False
Is 186701 prime?
True
Is 1367 a composite number?
False
Is 37451 composite?
True
Is 268307 prime?
False
Is 529807 a prime number?
True
Is 889089 composite?
True
Is 7183 a prime number?
False
Is 781 composite?
True
Is 44329 a composite number?
True
Is 1961 composite?
True
Is 12499 prime?
False
Is 184211 a prime number?
True
Is 58043 composite?
False
Is 850529 composite?
False
Is 49613 prime?
True
Is 1783 prime?
True
Is 81439 composite?
False
Is 24571 a composite number?
False
Is 5129 composite?
True
Is 23093 composite?
True
Is 39499 a prime number?
True
Is 3080291 a prime number?
True
Is 20593 a prime number?
True
Is 375191 a prime number?
False
Is 285053 a prime number?
False
Is 2859 prime?
False
Is 488218 a prime number?
False
Is 26311 prime?
False
Is 7617 a prime number?
False
Is 155299 composite?
False
Is 23007 composite?
True
Is 1636457 a prime number?
True
Is 521201 a prime number?
True
Is 45701 composite?
True
Is 6437 composite?
True
Is 195071 a prime number?
True
Is 32737 a composite number?
True
Is 31957 prime?
True
Is 89753 a composite number?
False
Is 201653 composite?
False
Is 45554 prime?
False
Is 155849 prime?
True
Is 6932309 a prime number?
True
Is 110207 prime?
False
Is 328091 a composite number?
True
Is 1494287 a composite number?
True
Is 478147 a prime number?
False
Is 151513 composite?
True
Is 1657 prime?
True
Is 237989 a prime number?
False
Is 1813997 composite?
True
Is 21961 prime?
True
Is 5557 a prime number?
True
Is 372917 a composite number?
False
Is 36947 a prime number?
True
Is 1576007 composite?
False
Is 677 a prime number?
True
Is 34171 prime?
True
Is 454173 composite?
True
Is 18593 composite?
False
Is 17881 prime?
True
Is 1876843 prime?
False
Is 198659 prime?
True
Is 291331 prime?
True
Is 696809 composite?
False
Is 5381 composite?
False
Is 234599 a prime number?
True
Is 15493 composite?
False
Is 27101 composite?
True
Is 175709 a prime number?
True
Is 460489 prime?
False
Is 52627 a prime number?
True
Is 30887 a composite number?
True
Is 609101 prime?
True
Is 2161 a composite number?
False
Is 280213 a prime number?
False
Is 3709 a composite number?
False
Is 133997 prime?
False
Is 753931 a prime number?
True
Is 127 a prime number?
True
Is 5855 composite?
True
Is 566851 composite?
False
Is 6389 prime?
True
Is 14709 prime?
False
Is 6037 composite?
False
Is 34321 a prime number?
False
Is 4703 prime?
True
Is 200971 a composite number?
False
Is 10427 a composite number?
False
Is 11683 a composite number?
True
Is 422857 composite?
False
Is 92679 a prime number?
False
Is 1313167 a prime number?
False
Is 43063 composite?
False
Is 6239 a composite number?
True
Is 179519 prime?
True
Is 28018 a prime number?
False
Is 19951 a composite number?
True
Is 257087 prime?
False
Is 50207 composite?
False
Is 4333 composite?
True
Is 20021 composite?
False
Is 24407 a composite number?
False
Is 9997 composite?
True
Is 23119 a composite number?
True
Is 5189 a composite number?
False
Is 149791 a composite number?
False
Is 1731 composite?
True
Is 123029 a prime number?
False
Is 6341 prime?
False
Is 1781 composite?
True
Is 17041 a prime number?
True
Is 12391 a prime number?
True
Is 4559 a prime number?
False
Is 58553 a composite number?
True
Is 3559 a composite number?
False
Is 12037 a composite number?
False
Is 6899 a composite number?
False
Is 309059 a composite number?
False
Is 204427 prime?
True
Is 145 composite?
True
Is 204803 composite?
False
Is 659987 a composite number?
True
Is 382 composite?
True
Is 21993 a prime number?
False
Is 7934 a prime number?
False
Is 117037 prime?
True
Is 11351 prime?
True
Is 2609 a prime number?
True
Is 724259 a prime number?
True
Is 258899 composite?
True
Is 57417 prime?
False
Is 153542 prime?
False
Is 402635 a prime number?
False
Is 1511 a prime number?
True
Is 727197 prime?
False
Is 216607 a composite number?
False
Is 187 prime?
False
Is 2051 a prime number?
False
Is 753127 a prime number?
True
Is 127763 composite?
False
Is 668237 a prime number?
False
Is 10727 composite?
True
Is 56383 a prime number?
True
Is 37805 prime?
False
Is 12898 prime?
False
Is 319 a composite number?
True
Is 957289 a prime number?
True
Is 5039 prime?
True
Is 2939 a prime number?
True
Is 5435 a prime number?
False
Is 370653 a prime number?
False
Is 4769 prime?
False
Is 1212047 a prime number?
True
Is 62911 composite?
True
Is 33083 prime?
True
Is 336941 a prime number?
False
Is 785 a composite number?
True
Is 63134 a prime number?
False
Is 86489 prime?
False
Is 10391 a composite number?
False
Is 8081 a composite number?
False
Is 118387 composite?
False
Is 95671 a prime number?
False
Is 10967 a composite number?
True
Is 1220147 a composite number?
False
Is 109202 prime?
False
Is 37117 prime?
True
Is 3144527 composite?
False
Is 5923 composite?
False
Is 70535 a prime number?
False
Is 24159 composite?
True
Is 16411 prime?
True
Is 3151 prime?
False
Is 9566 prime?
False
Is 234571 composite?
False
Is 175543 a composite number?
False
Is 10979 composite?
False
Is 360133 a composite number?
True
Is 114659 composite?
False
Is 617173 a composite number?
True
Is 3215587 a composite number?
False
Is 158519 prime?
True
Is 129397 a composite number?
True
Is 46049 composite?
False
Is 1253 composite?
True
Is 5671 prime?
False
Is 48053 a composite number?
True
Is 61307 prime?
False
Is 2227 a composite number?
True
Is 66769 a composite number?
True
Is 21169 prime?
True
Is 116709 prime?
False
Is 94201 a composite number?
False
Is 5195 composite?
True
Is 12767 composite?
True
Is 12937 a prime number?
False
Is 365681 composite?
True
Is 2590501 a composite number?
False
Is 1981 a composite number?
True
Is 8903 a prime number?
False
Is 52549 composite?
True
Is 1759 a prime number?
True
Is 20973 composite?
True
Is 10813 composite?
True
Is 109517 composite?
False
Is 279559 a composite number?
True
Is 2554 a prime number?
False
Is 145283 a composite number?
False
Is 7727 composite?
False
Is 506653 prime?
False
Is 240307 prime?
False
Is 1039 a prime number?
True
Is 14479 composite?
False
Is 530573 a prime number?
False
Is 68171 a composite number?
False
Is 2588011 a prime number?
False
Is 13909 a composite number?
True
Is 16143 a composite number?
True
Is 71447 composite?
True
Is 258947 prime?
False
Is 462719 composite?
False
Is 16309 prime?
False
Is 39815 composite?
True
Is 3691 a prime number?
True
Is 292101 a composite number?
True
Is 171307 composite?
True
Is 43037 composite?
False
Is 429119 a composite number?
False
Is 48631 a prime number?
False
Is 3381089 a prime number?
True
Is 344363 prime?
True
Is 1024277 a composite number?
False
Is 1320763 a prime number?
False
Is 210823 prime?
True
Is 60941 a composite number?
True
Is 31307 a composite number?
False
Is 13397 prime?
True
Is 1830733 a prime number?
True
Is 5599 prime?
False
Is 26453 a prime number?
False
Is 344395 composite?
True
Is 2454493 prime?
True
Is 183453 a prime number?
False
Is 107641 a prime number?
True
Is 5905 composite?
True
Is 13817 prime?
False
Is 248749 a prime number?
True
Is 2371 composite?
False
Is 1551577 composite?
False
Is 485509 prime?
True
Is 216829 a composite number?
False
Is 485 prime?
False
Is 26045 composite?
True
Is 760043 composite?
False
Is 16603 prime?
True
Is 23159 prime?
True
Is 5261 a prime number?
True
Is 29081 composite?
True
Is 394595 a prime number?
False
Is 128959 composite?
False
Is 1279 prime?
True
Is 1245067 prime?
True
Is 10847 prime?
True
Is 203117 prime?
True
Is 49759 composite?
True
Is 321599 a composite number?
True
Is 10709 prime?
True
Is 37613 a prime number?
False
Is 120613 composite?
True
Is 95155 composite?
True
Is 183191 composite?
False
Is 6637 a prime number?
True
Is 2179 composite?
False
Is 17819 prime?
False
Is 60614 a prime number?
False
Is 401891 composite?
True
Is 6947 a composite number?
False
Is 176189 composite?
True
Is 12869 composite?
True
Is 404711 a composite numbe